p**2 - 47 - 8*p - 7/3*p**3 - 1/4*p**4. Suppose -4*c = -2*o - 30, 0 = o - c + 3*c - 1. What is z(o)?
-8
Let m(x) = x**3 - 2*x**2 + 2*x + 2. Let w be -2*((-7)/2 + 3). Let u be (-2 - w) + 3 - -4. Suppose -5 = -3*a - h, -u + 5 = -a - 3*h. Give m(a).
6
Let p(d) = -4*d**3 + 1. Let i be p(-1). Let x be (-5)/2*(-192)/80. Let o(j) = -x*j**2 + 4*j - j + 5*j + 68*j**3 - 5 - 67*j**3. Calculate o(i).
10
Let i(n) = 5 + 0 - 4 + 2*n. Let a(k) = k**3 + 13*k**2 + k + 10. Let u be 8/28 - 93/7. Let y be a(u). Determine i(y).
-5
Let f(c) = -4*c - 1. Let j be f(-1). Let z(n) = 0 + n + j + n + 3*n**2. Let h(s) = -s**3 + 2*s**2 + 288*s - 3. Let l be h(18). Calculate z(l).
24
Let d be -2 + (-1)/3*-6. Suppose -3*u + d*u = 3, -5*u = 5*i - 25. Suppose -2*v + 4*f = -14 - i, -4 = f. Let y(m) = -m**2 + m + 2. Determine y(v).
0
Let p(a) = 1538*a**2 + 5*a + 1562*a**2 - 3099*a**2 + 16*a - 32. Give p(-22).
-10
Let t(c) = 150*c**2 - 54*c**2 + 11 - 48*c**2 + 14*c - 64 - 49*c**2. Give t(6).
-5
Let a(f) = 19*f + 718. Let n = -237 + 199. Let u be a(n). Let o(s) = 5 - 3*s + 2*s**3 - s**3 + 6*s**2 - 2*s**2. Calculate o(u).
17
Suppose 3*i - 22 = 3*k - 7*k, 4*i + 3*k - 20 = 0. Let v(b) = -2 - 756*b**2 + 757*b**i + 4 - 1 + b. What is v(-2)?
3
Let n = 29 + -25. Suppose 13 = 2*i + v, -55 = -5*i - 2*v + n*v. Let y(o) = 4*o - 3*o - i*o. Calculate y(-2).
16
Let b(h) = -h**3 - 6*h**2 + 9*h + 7. Let l(u) = -u**3 + 3*u**2 - 38*u + 161. Let i be l(4). Give b(i).
-7
Let w(b) = 17 - 61550*b + 100 + 25 + 69 + 61596*b. What is w(-5)?
-19
Let z(m) = m**2 - 27*m + 132. Let w = 28 - 22. Give z(w).
6
Let i(y) = 4*y + 10. Let m = -5167 + 5167. Calculate i(m).
10
Let r(v) = v**3 + 3*v**2 - 5*v + 3. Let j(h) = h**3 - 17*h**2 - 59*h + 8. Let d be j(20). Suppose -u = -1 - 0. Let b be u/(-4) + (-105)/d. Determine r(b).
7
Let q(i) = 2*i**3 + i**2 - 3*i - 2. Let t be (-290)/22 - -13 - (-90)/11. Suppose 5*a + 2*b + 8 = 0, -10 = -2*b - t. What is q(a)?
-8
Let y = -44 - -46. Suppose y*d = 62 + 396. Let a(o) = 3*o**2 + 2*o - 4*o + 230*o**3 + 3 - d*o**3. Give a(-3).
9
Let q(f) = -41*f**2 + 56*f + 22. Let a(l) = 15*l**2 - 19*l - 7. Let k(h) = -11*a(h) - 4*q(h). Give k(0).
-11
Let d(q) be the first derivative of -1/2*q**2 + 1/4*q**4 + 1/3*q**3 + 4*q - 26. Suppose 2*t = 4*z - 4, 3*z + 1 = t + 4. Give d(t).
4
Let b(p) = 6*p**3 + 1. Suppose 4*h - 9 + 105 = 0. Let v = h - 23. Let z = v - -46. What is b(z)?
-5
Suppose 2*f - 55 - 32 = -3*p, -2*p = -10. Suppose -2*r + f = 34. Let c(j) = 7*j**2 + 2*j - 1. Give c(r).
8
Let x(y) be the first derivative of -y**3/3 + y**2/2 + 19*y - 2. Let q = 21628 - 21628. Calculate x(q).
19
Let d = 135 + -138. Suppose -2*v = r + 12, v = -0*v + 5*r - 28. Let c be v*(7/(-42))/((-1)/d). Let h(x) = x - 2. Give h(c).
2
Let i be -32 - (-3 + 3 - -1). Suppose 4*d = 165 - 5. Let r = i + d. Let o(h) = h**2 - 6*h - 7. What is o(r)?
0
Let a(t) = 6*t + 3*t - 10*t**3 + 4*t + 11*t**3 - 15 + 17*t**2. Let c(o) = o**3 + 18*o**2 + 13*o - 14. Let w(p) = -3*a(p) + 2*c(p). Give w(-14).
3
Let m(z) = -2*z**2 - 9*z - 12. Let x be m(-2). Let k(o) = -4*o**2 - 2*o. Determine k(x).
-12
Let j(s) = -s + 4. Suppose 4*w = -q + 5, -w + 2*w + q = -1. Let r be j(w). Let m(x) = 2*x - r - 4 - 4 + 11. Determine m(3).
7
Let a(h) = 9*h**2 + 53*h + 43. Let s(o) = 4*o**2 + 24*o + 22. Let i(d) = 5*a(d) - 11*s(d). Determine i(10).
83
Let n(v) = -v + 8. Suppose -6 = -2*m, -m = -b + 4*m - 10. Suppose 71 = b*g + 256. Let x = 43 + g. Calculate n(x).
2
Let y(w) = w**2 - w + 8. Let a(m) = -m**3 - 5*m**2 + 4*m + 7. Let g be a(-5). Let f = 16 + g. Let p be 0/(-4 + f - -3). Calculate y(p).
8
Let c(n) = 5*n + 110. Suppose -3749 = 110*s + 53*s. Give c(s).
-5
Let x be 274/30 - 1228/9210. Let m(p) = -p**2 + 9*p - 13. Let q(a) = 1. Let f(n) = -m(n) - 5*q(n). What is f(x)?
8
Let l(s) be the second derivative of 13*s**5/60 - s**3/6 - 127*s**2 + 249*s. Let i(d) be the first derivative of l(d). What is i(-1)?
12
Let r(t) = -2223*t - 13 + 2222*t + 32. Calculate r(-12).
31
Let l(p) = -3*p + 45. Let o be l(13). Let c be 27/o*4/6. Suppose -4*v - x + 1 = -6*x, 0 = c*v - 3*x. Let j(z) = -4*z. Give j(v).
4
Suppose -37 + 19 = 6*t. Let d be (t - -1)*((-14)/4 - 4). Let s = 15 - d. Let g(z) = -z**2 + z - 9. Calculate g(s).
-9
Let i(r) = 2*r**3 - 23*r**2 + 11*r + 4. Suppose -119*j - b + 46 = -115*j, 4*j + 2*b - 48 = 0. What is i(j)?
4
Let a(l) = -8*l**3 - 59*l**2 - 142*l - 16. Let h(n) = 2*n**3 + 2*n - 3. Let q(g) = -a(g) - 3*h(g). What is q(-27)?
-2
Let l = 1335 + -1339. Let m(u) = -u**2 - 13. What is m(l)?
-29
Let j be 15/2*32/48. Let s(z) = 3*z - 9. Let o(t) = 4*t - 10. Let w(u) = 2*o(u) - 3*s(u). Determine w(j).
2
Let d(t) be the first derivative of -t**5/20 + t**4/6 + t**3/6 + 2*t**2 - 22*t + 15. Let z(l) be the first derivative of d(l). Calculate z(3).
-2
Let r(v) = 113*v**2 - v**3 + 2*v - 26*v**2 - 96*v**2 - 1. What is r(-9)?
-19
Let y(u) = -5*u + 12 - 5*u - 6295*u**2 + 6294*u**2. What is y(-11)?
1
Let r(n) = 106 - 421 + 106 - 3*n + 97 + 107. Let o be (20/(-6))/((-4)/6). Suppose -4*t = -2*p, 5*t + o = -5. Give r(p).
7
Let j(p) = -2*p - 108. Let f(s) = s + 66. Let r(z) = 5*f(z) + 3*j(z). Give r(2).
4
Let i(t) = 61*t + 33*t + 27 - 4*t**2 + 3*t**2 - 88*t. What is i(11)?
-28
Let b(s) = 20*s - 18. Let g(w) = -17*w + 18. Let f(v) = -6*b(v) - 7*g(v). Give f(-27).
9
Let h be (-8 - 0 - -13)*(-4 + 2). Let d(s) = -s**3 - 10*s**2 - 2*s + 24. Give d(h).
44
Suppose -4*p + 243 = 2*x + 145, 3*p + x = 70. Let l(c) = -c**3 + 20*c**2 + 19*c + 33. Calculate l(p).
-9
Let h(g) = -9*g**2 + g + 60. Let v(l) = -7*l**2 + 3*l + 47. Let z(n) = -4*h(n) + 5*v(n). Calculate z(-6).
-35
Let g(k) = 48200*k**2 + 9*k - 24092*k**2 + k**3 + 116 - 24095*k**2. Give g(-13).
-1
Let f be 26432/2632 - 4/94. Let v(m) be the first derivative of -m**3/3 + 11*m**2/2 - 14*m + 2. Determine v(f).
-4
Let z(y) = 4*y**2 - y + 2. Suppose 4*r - 5*w - 42 = -0*r, -4*r + 56 = 2*w. Let p be (-27)/18*((-132)/(-9))/(-2). Let f = r - p. What is z(f)?
16
Let l(n) = -3*n**3 + 19*n**2 + 8*n + 16. Let u be l(6). Let i be (5/(-3))/(1/(-57)). Let o = u - i. Let h(a) = -4*a + 5. Give h(o).
-15
Let q(n) = -n + 4. Let v = -85 - -86. Let i(z) = 12*z - 16. Let m be i(v). Determine q(m).
8
Let g(i) be the third derivative of 2*i**4/3 - 5*i**3 + 63*i**2 + 3*i. Calculate g(3).
18
Let x(k) = 7*k + 11. Suppose 259*b = 252*b - 56. Calculate x(b).
-45
Let u(d) = -2*d + 17. Let p = 4171 + -4153. Give u(p).
-19
Let c(q) = -5*q + 119. Suppose 0 = -20*o - 4*o - 5*o + 551. Determine c(o).
24
Let y = -25 + 37. Let n(g) = 2*g + 2*g + 3*g - y - 8*g - g. Give n(-8).
4
Let b(y) be the first derivative of -y**4/2 - 4*y**3/3 - 5*y - 36. Give b(-3).
13
Suppose -10672 = 16*i - 10672. Let c(u) = u**3 - 11. Determine c(i).
-11
Let y(i) = -29*i**2 - 2*i - 6. Let o(c) = -38*c**2 - c - 7. Let k(s) = -3*o(s) + 4*y(s). Let g = -4 - -3. Let r = g + -2. Give k(r).
-6
Let j(t) be the first derivative of t**3/3 + 5*t**2 + 10*t + 1. Let a = -431034 - -431024. What is j(a)?
10
Let s = -143 + 145. Let g(d) be the second derivative of -d**5/20 - d**4/2 - d**3/2 + 2*d**2 + d. Let j(f) = f**2 + f. Let y(l) = s*j(l) + g(l). What is y(-4)?
8
Let x(l) be the third derivative of l**4/24 - l**3/3 - 8*l**2. Let g be x(5). Let k(t) = 3*t - 21 + t**g - 2*t**2 + t + 18. Calculate k(3).
18
Let v be (-2)/10 + (-52)/(-10). Let r be (-1 - -1)*8/16. Let q(d) = 3 + d + 1 + r + 1 - d**2. Give q(v).
-15
Let t(o) = -2*o**2 + 26*o - 25. Let l(q) = -q**2 + 12*q - 12. Let d(v) = -5*l(v) + 2*t(v). Let u(n) = -2*n**3 - 2*n**2 - 2*n - 2. Let j be u(-2). What is d(j)?
30
Let z(w) = -3*w - 84*w**2 + 15 - 9*w + 155*w**2 - 73*w**2. Give z(-8).
-17
Let q(g) = g**3 + 52*g**2 + 89*g + 1936. Let x be q(-51). Let m(r) = 10*r + 17. Determine m(x).
-3
Let b(c) = -112*c - 160. Let p(f) = 44*f + 81. Let l(k) = -4*b(k) - 10*p(k). Give l(21).
-2
Suppose -6*u - 77 = -53. Let g(o) = -713*o**3 - 3*o - 1 + 3*o**2 + 714*o**3 - 2. Determine g(u).
-7
Let v(x) be the first derivative of -6*x**2 + 10*x - 5 + 1/3*x**3. Suppose -42 = -3*r - 5*k, 8*k + 18 = 3*r + 5*k. Determine v(r).
-17
Let b(y) be the second derivative of -y**3/6 + y**2/2 - 3*y. Let f(a) = 5. Let c(p) = 3*b(p) + f(p). Give c(6).
-10
Let b = -4009 + 12587. Let a(c) = -8576*c - 1 - 4*c**2 + b*c - 3*c**2. Calculate a(1).
-6
Let p(a) = -a**2. Suppose 